
a94
-27317 (base 10) to base 15
-8162
What is -451 (base 9) in base 14?
-1c6
What is 37a (base 15) in base 6?
3354
What is 23414 (base 7) in base 11?
459a
What is 16366 (base 7) in base 13?
2170
Convert 1302524 (base 6) to base 3.
10120212021
What is -16a (base 13) in base 5?
-2012
What is -7627 (base 8) in base 3?
-12110211
What is -a1 (base 14) in base 3?
-12020
21142 (base 5) to base 14
738
Convert 105 (base 16) to base 10.
261
-1366 (base 9) to base 8
-2010
What is -220210210 (base 3) in base 15?
-5559
What is 771 (base 9) in base 14?
331
213322 (base 4) to base 2
100111111010
Convert 4434 (base 8) to base 13.
10a5
What is 10011000110 (base 2) in base 15?
567
What is -44 (base 13) in base 6?
-132
What is 14155 (base 12) in base 7?
144134
-1001011001 (base 2) to base 14
-30d
-121212 (base 3) to base 9
-555
What is 62203 (base 8) in base 10?
25731
What is db2 (base 15) in base 2?
110000010100
What is -157 (base 12) in base 8?
-323
Convert 3004 (base 6) to base 10.
652
What is -1941 (base 12) in base 6?
-22121
-9230 (base 10) to base 9
-13585
Convert -1901 (base 12) to base 3.
-11011001
Convert -20b0 (base 16) to base 2.
-10000010110000
Convert -3639 (base 10) to base 15.
-1129
Convert -10003 (base 4) to base 11.
-216
135 (base 13) to base 9
256
10200001 (base 3) to base 13
12a9
What is -128 (base 16) in base 7?
-602
What is -1b7 (base 13) in base 14?
-18b
691e (base 15) to base 12
10aa8
What is -320030 (base 4) in base 13?
-1838
Convert 2412 (base 14) to base 4.
1202100
Convert 313140 (base 5) to base 7.
42244
Convert 9027 (base 11) to base 3.
121110202
28515 (base 9) to base 6
225405
Convert -110010011100 (base 2) to base 3.
-11102120
Convert -245411 (base 7) to base 10.
-45137
What is 91b (base 13) in base 7?
4335
What is 660 (base 11) in base 16?
318
1177 (base 11) to base 7
4323
What is -173 (base 15) in base 7?
-654
26926 (base 10) to base 5
1330201
551 (base 15) to base 10
1201
Convert 206 (base 9) to base 6.
440
Convert -22002120 (base 3) to base 16.
-170d
-11111001 (base 2) to base 5
-1444
-1212 (base 4) to base 14
-74
What is -b5a (base 12) in base 3?
-2021021
11022021 (base 3) to base 4
301003
What is -843 (base 10) in base 16?
-34b
532 (base 9) to base 13
275
-6047 (base 11) to base 8
-17545
Convert -1022221 (base 4) to base 2.
-1001010101001
Convert -4565 (base 12) to base 16.
-1e1d
What is -2130301 (base 4) in base 10?
-10033
-1212 (base 5) to base 2
-10110110
What is -10345 (base 9) in base 8?
-15275
-19791 (base 11) to base 6
-331343
What is 306 (base 10) in base 2?
100110010
What is -323021 (base 4) in base 5?
-110120
What is 10143 (base 11) in base 2?
11100111011001
Convert -1101110000100001 (base 2) to base 7.
-323203
What is 1101011010001 (base 2) in base 3?
100102021
5163 (base 11) to base 8
15275
-2d3 (base 14) to base 6
-2401
Convert -219 (base 15) to base 6.
-2110
What is 14443 (base 11) in base 4?
11000100
What is 131 (base 8) in base 15?
5e
-102064 (base 8) to base 3
-1201102111
Convert 934 (base 13) to base 5.
22224
Convert 1cb (base 14) to base 8.
567
What is -30236 (base 12) in base 15?
-137e3
What is -6105 (base 7) in base 14?
-aac
What is -9b94 (base 13) in base 5?
-1144003
What is -6024 (base 7) in base 8?
-4034
What is -53443 (base 7) in base 6?
-141221
What is 25403 (base 7) in base 8?
15074
What is -21023203 (base 4) in base 14?
-d9bd
9924 (base 10) to base 7
40635
What is 1b7c (base 14) in base 4?
1032102
Convert 3231 (base 5) to base 6.
2013
What is 23101 (base 5) in base 13?
9a0
Convert -1133 (base 7) to base 4.
-12200
-1bd (base 14) to base 7
-1026
What is 23829 (base 13) in base 5?
4040400
-354 (base 9) to base 12
-204
What is -188 (base 10) in base 15?
-c8
What is -2308 (base 11) in base 14?
-1169
150332 (base 7) to base 14
a7c2
Convert -1022012 (base 3) to base 16.
-3b6
What is -63620 (base 8) in base 13?
-c0b5
What is -1415 (base 11) in base 15?
-821
Convert 1300 (base 5) to base 10.
200
What is 3201 (base 8) in base 2?
11010000001
Convert 122000 (base 3) to base 4.
13023
Convert 17556 (base 9) to base 7.
50223
What is -94b4 (base 12) in base 4?
-3332020
2600 (base 10) to base 14
d3a
What is 101111101100 (base 2) in base 5?
44202
Convert 1c27 (base 13) to base 5.
114013
Convert -3209 (base 13) to base 6.
-52042
Convert -35534 (base 7) to base 9.
-13538
What is 20120 (base 3) in base 4?
2301
What is 45a (base 12) in base 2?
1010000110
-8452 (base 10) to base 11
-6394
-10220011 (base 3) to base 16
-b17
What is 11212 (base 5) in base 12?
573
What is -22226 (base 7) in base 3?
-21200122
Convert -153 (base 12) to base 11.
-179
-1110112 (base 3) to base 6
-4535
What is -1152 (base 10) in base 16?
-480
What is -375 (base 13) in base 15?
-2a3
-605 (base 11) to base 15
-33b
What is 653 (base 10) in base 14?
349
What is 41503 (base 6) in base 3?
21122210
Convert 3048 (base 10) to base 12.
1920
-10 (base 4) to base 16
-4
Convert 232 (base 9) to base 13.
119
Convert 8909 (base 10) to base 13.
4094
Convert -13a (base 14) to base 10.
-248
What is 10100110010100 (base 2) in base 4?
2212110
What is 1110201102 (base 3) in base 6?
342015
-6771 (base 9) to base 11
-3840
12240 (base 9) to base 14
2dcd
1010110000101110 (base 2) to base 8
126056
What is -7514 (base 9) in base 7?
-22045
-100200 (base 3) to base 4
-10011
What is -11a74 (base 11) in base 8?
-41557
What is -1012212020 (base 3) in base 13?
-ab99
Convert -ada (base 14) to base 16.
-868
What is -1541 (base 6) in base 15?
-1d1
Convert 8842 (base 11) to base 12.
68ba
-47ac (base 13) to base 11
-7664
-1214231 (base 5) to base 11
-1636a
2031 (base 4) to base 13
ab
-a103 (base 14) to base 13
-c771
-101021000 (base 3) to base 14
-2a23
What is 52 (base 10) in base 12?
44
Convert 4f9a (base 16) to base 6.
234202
What is -102321 (base 6) in base 7?
-33166
-1232 (base 7) to base 3
-122012
What is 72 (base 11) in base 12?
67
Convert -1014304 (base 5) to base 12.
-98a5
Convert -5a24 (base 13) to base 16.
-31a1
-20122 (base 5) to base 12
-8b3
What is 553532 (base 6) in base 15?
da58
545 (base 6) to base 12
155
-63 (base 16) to base 2
-1100011
-440b (base 14) to base 2
-10110111111011
-2288 (base 15) to base 6
-53532
-35521 (base 8) to base 9
-22742
248 (base 10) to base 4
3320
What is -557 (base 14) in base 2?
-10000100001
Convert 45203 (base 8) to base 11.
13371
Convert -258 (base 14) to base 2.
-111010110
-2411 (base 5) to base 14
-1b6
-7014 (base 9) to base 3
-21000111
What is -11011 (base 7) in base 4?
-223000
What is -43c (base 14) in base 9?
-1131
85 (base 9) to base 2
1001101
Convert -5b4 (base 15) to base 4.
-110032
What is 3221023 (base 4) in base 6?
153031
1041 (base 8) to base 16
221
What is -9546 (base 10) in base 13?
-4464
What is 354 (base 9) in base 10?
292
What is -20043 (base 5) in base 10?
-1273
What is 7534 (base 8) in base 16?
f5c
What is 195 (base 14) in base 2?
101000111
Convert 182 (base 12) to base 4.
3302
Convert -10436 (base 8) to base 2.
-1000100011110
Convert 2012001 (base 3) to base 12.
b0a
Convert 1300352 (base 6) to base 13.
25bc2
2e9e (base 15) to base 8
23501
Convert 2225 (base 6) to base 3.
201022
4add (base 16) to base 14
6dad
Convert -13312 (base 4) to base 7.
-1315
Convert 115531 (base 7) to base 12.
1031a
What is -bc9 (base 14) in base 11?
-1831
Convert 232301 (base 6) to base 2.
100111000001101
Convert 1441 (base 8) to base 5.
11201
Convert -1026 (base 7) to base 15.
-193
What is -10001001011 (base 2) in base 11?
-90a
Convert -12320121 (base 4) to base 3.
-1102122220
Convert 1311 (base 6) to base 10.
331
98 (base 10) to base 13
77
What is 104725 (base 9) in base 8?
172133
What is 100000000011 (base 2) in base 5?
31201
-dded (base 16) to base 5
-3304223
Convert -10031 (base 4) to base 6.
-1125
Convert 4152 (base 8) to base 13.
c99
What is -162222 (base 7) in base 13?
-11757
What is -83d (base 15) in base 6?
-12334
Convert 1465 (base 7) to base 12.
40a
-dcd (base 15) to base 3
-11021111
What is -33616 (base 8) in base 3?
-201111202
23213 (base 4) to base 12
51b
-58d2 (base 16) to base 4
-11203102
What is 4330 (base 12) in base 10?
7380
What is 80c (base 13) in base 5?
20424
290 (base 15) to base 16
249
What is 17551 (base 8) in base 14?
2d05
Convert 7c1 (base 14) to base 5.
22131
1772 (base 14) to base 6
31304
2a90 (base 13) to base